usands digit of 3312?
3
What is the units digit of 2392?
2
What is the units digit of 7916?
6
What is the units digit of 23991?
1
What is the tens digit of 480?
8
What is the units digit of 3456?
6
What is the units digit of 3850?
0
What is the hundreds digit of 2805?
8
What is the thousands digit of 12085?
2
What is the units digit of 9247?
7
What is the tens digit of 43973?
7
What is the hundreds digit of 21802?
8
What is the thousands digit of 143620?
3
What is the units digit of 774?
4
What is the units digit of 751?
1
What is the tens digit of 170?
7
What is the units digit of 2349?
9
What is the thousands digit of 3965?
3
What is the units digit of 4348?
8
What is the units digit of 24291?
1
What is the hundreds digit of 2612?
6
What is the units digit of 3496?
6
What is the thousands digit of 119587?
9
What is the thousands digit of 1942?
1
What is the tens digit of 7363?
6
What is the ten thousands digit of 11471?
1
What is the tens digit of 3631?
3
What is the units digit of 1343?
3
What is the hundreds digit of 749?
7
What is the hundreds digit of 11368?
3
What is the tens digit of 118123?
2
What is the thousands digit of 1532?
1
What is the units digit of 108476?
6
What is the units digit of 425?
5
What is the hundreds digit of 3241?
2
What is the units digit of 1862?
2
What is the units digit of 3465?
5
What is the units digit of 94?
4
What is the tens digit of 4838?
3
What is the hundreds digit of 1256?
2
What is the hundreds digit of 7909?
9
What is the hundreds digit of 1364?
3
What is the hundreds digit of 146?
1
What is the tens digit of 4141?
4
What is the hundreds digit of 663?
6
What is the units digit of 1008?
8
What is the units digit of 406?
6
What is the hundreds digit of 15272?
2
What is the thousands digit of 38385?
8
What is the tens digit of 8050?
5
What is the tens digit of 1688?
8
What is the tens digit of 1551?
5
What is the hundreds digit of 501?
5
What is the hundreds digit of 70550?
5
What is the thousands digit of 7492?
7
What is the units digit of 116?
6
What is the units digit of 844?
4
What is the units digit of 5470?
0
What is the ten thousands digit of 60439?
6
What is the units digit of 590?
0
What is the tens digit of 12625?
2
What is the units digit of 15652?
2
What is the thousands digit of 33505?
3
What is the ten thousands digit of 94004?
9
What is the tens digit of 1458?
5
What is the units digit of 212?
2
What is the ten thousands digit of 20352?
2
What is the tens digit of 7197?
9
What is the units digit of 784?
4
What is the tens digit of 16656?
5
What is the tens digit of 2140?
4
What is the hundred thousands digit of 142784?
1
What is the ten thousands digit of 127470?
2
What is the units digit of 13405?
5
What is the hundreds digit of 137709?
7
What is the tens digit of 62907?
0
What is the thousands digit of 162445?
2
What is the tens digit of 3680?
8
What is the units digit of 7247?
7
What is the tens digit of 3316?
1
What is the tens digit of 1381?
8
What is the units digit of 302?
2
What is the units digit of 577?
7
What is the hundreds digit of 23268?
2
What is the hundreds digit of 12139?
1
What is the units digit of 2121?
1
What is the units digit of 2192?
2
What is the units digit of 910?
0
What is the thousands digit of 18389?
8
What is the hundreds digit of 6754?
7
What is the thousands digit of 7287?
7
What is the thousands digit of 103884?
3
What is the hundreds digit of 41178?
1
What is the units digit of 16105?
5
What is the thousands digit of 1094?
1
What is the units digit of 23624?
4
What is the tens digit of 2490?
9
What is the units digit of 10475?
5
What is the units digit of 590?
0
What is the hundreds digit of 1690?
6
What is the units digit of 214?
4
What is the ten thousands digit of 35690?
3
What is the units digit of 40331?
1
What is the units digit of 670?
0
What is the ten thousands digit of 19440?
1
What is the tens digit of 8322?
2
What is the units digit of 17234?
4
What is the thousands digit of 4046?
4
What is the units digit of 332?
2
What is the thousands digit of 4103?
4
What is the hundreds digit of 1580?
5
What is the thousands digit of 31526?
1
What is the tens digit of 2870?
7
What is the hundreds digit of 518?
5
What is the hundreds digit of 12543?
5
What is the units digit of 565?
5
What is the thousands digit of 2437?
2
What is the thousands digit of 27483?
7
What is the tens digit of 16978?
7
What is the tens digit of 205?
0
What is the thousands digit of 145750?
5
What is the tens digit of 9388?
8
What is the tens digit of 659?
5
What is the tens digit of 2552?
5
What is the hundreds digit of 16065?
0
What is the units digit of 13310?
0
What is the thousands digit of 67050?
7
What is the thousands digit of 21579?
1
What is the ten thousands digit of 20201?
2
What is the tens digit of 108835?
3
What is the thousands digit of 5218?
5
What is the tens digit of 4179?
7
What is the tens digit of 355?
5
What is the thousands digit of 2032?
2
What is the units digit of 2079?
9
What is the tens digit of 8177?
7
What is the thousands digit of 2149?
2
What is the thousands digit of 2289?
2
What is the hundreds digit of 234?
2
What is the thousands digit of 3259?
3
What is the tens digit of 24?
2
What is the thousands digit of 145748?
5
What is the units digit of 25?
5
What is the hundreds digit of 960?
9
What is the units digit of 70712?
2
What is the tens digit of 17729?
2
What is the hundreds digit of 829?
8
What is the tens digit of 6656?
5
What is the units digit of 75?
5
What is the tens digit of 300?
0
What is the hundreds digit of 4292?
2
What is the thousands digit of 8037?
8
What is the units digit of 1364?
4
What is the thousands digit of 11754?
1
What is the thousands digit of 45662?
5
What is the ten thousands digit of 26138?
2
What is the thousands digit of 93881?
3
What is the units digit of 3178?
8
What is the ten thousands digit of 83332?
8
What is the tens digit of 1093?
9
What is the units digit of 20432?
2
What is the thousands digit of 1075?
1
What is the tens digit of 90359?
5
What is the tens digit of 14013?
1
What is the hundreds digit of 20402?
4
What is the thousands digit of 11159?
1
What is the hundreds digit of 1547?
5
What is the hundreds digit of 57638?
6
What is the units digit of 549?
9
What is the tens digit of 1042?
4
What is the thousands digit of 19312?
9
What is the hundreds digit of 1006?
0
What is the hundreds digit of 787?
7
What is the tens digit of 4765?
6
What is the tens digit of 1835?
3
What is the units digit of 1841?
1
What is the hundreds digit of 29892?
8
What is the ten thousands digit of 65260?
6
What is the thousands digit of 98150?
8
What is the hundreds digit of 293?
2
What is the ten thousands digit of 19537?
1
What is the tens digit of 1239?
3
What is the thousands digit of 52311?
2
What is the thousands digit of 1924?
1
What is the units digit of 126394?
4
What is the units digit of 239?
9
What is the units digit of 34552?
2
What is the hundreds digit of 4295?
2
What is the hundreds digit of 1791?
7
What is the units digit of 8067?
7
What is the hundreds digit of 47879?
8
What is the thousands digit of 1548?
1
What is the units digit of 426?
6
What is the hundreds digit of 11873?
8
What is the tens digit of 25479?
7
What is the hundreds digit of 33643?
6
What is the ten thousands digit of 12740?
1
What is the hundreds digit of 751?
7
What is the units digit of 947?
7
What is the hundreds digit of 4452?
4
What is the ten thousands digit of 53457?
5
What is the tens digit of 5584?
8
What is the units digit of 6219?
9
What is the hundreds digit of 12233?
2
What is the tens digit of 84?
8
What is the hundreds digit of 1516?
5
What is the ten thousands digit of 117183?
1
What is the hundreds digit of 7277?
2
What is the ten thousands digit of 45334?
4
What is the tens digit of 3526?
2
What is the tens digit of 105?
0
What is the tens digit of 53018?
1
What is the units digit of 784?
4
What is the hundreds digit of 1036?
0
What is the thousands digit of 23197?
3
What is the units digit of 3386?
6
What is the units digit of 6551?
1
What is the ten thousands digit of 38606?
3
What is the tens digit of 4736?
3
What is the ten thousands digit of 37973?
3
What is the thousands digit of 1333?
1
What is the t